 r(y) = 50979*y + 1784259. What is r(-35)?
-6
Let r(q) = -1686*q + 165312. What is r(98)?
84
Let w(k) = -k**3 - 14*k**2 + 370*k - 1534. What is w(6)?
-34
Let a(x) = -7*x**3 - 290*x**2 - 2931*x - 6. Give a(-24).
66
Let z(s) = 868*s - 116176. What is z(135)?
1004
Let l(a) = -2*a**3 + 95*a**2 + 2235*a - 42. Calculate l(-18).
2172
Let a(n) = 18*n**2 + 1049*n - 6595. Calculate a(6).
347
Let a(v) = -2*v**3 + 64*v**2 + 351*v + 702. Give a(37).
-1
Let y(n) = 410860*n + 4108589. Determine y(-10).
-11
Let z(i) = -2*i**3 + 88*i**2 + 131*i - 5390. Calculate z(44).
374
Let a(w) = w**3 + 37*w**2 - 1649*w - 73. Give a(26).
-359
Let o(w) = 88*w**2 + 2442*w + 4882. Determine o(-2).
350
Let p(x) = 11*x**2 - 1593*x + 51631. Give p(96).
79
Let m(v) = 32585*v + 325766. Calculate m(-10).
-84
Let u(c) = -c**2 - 260*c - 7483. Give u(-33).
8
Let u(f) = f**3 - 57*f**2 + 3255*f - 185540. Determine u(57).
-5
Let n(c) = -13028*c + 52152. Give n(4).
40
Let v(k) = -28*k**3 + 471*k**2 + 76*k + 146. Give v(17).
-7
Let p(v) = -8*v**3 + 21*v**2 + 486*v - 303. Give p(9).
-60
Let f(n) = n**2 + 15202*n + 242971. Calculate f(-16).
-5
Let w(v) = -19*v**3 + 1350*v**2 + 1374*v - 5610. What is w(72)?
6
Let y(b) = -75*b**2 - 5759*b + 38676. Determine y(-83).
-2
Let o(s) = -s**3 + 245*s**2 + 6741*s + 414976. What is o(275)?
1
Let z(b) = -29000*b - 348011. Determine z(-12).
-11
Let r(t) = -4*t**2 + 138*t + 306. Calculate r(42).
-954
Let u(d) = -204*d**2 + 5493*d + 57. Calculate u(27).
-348
Let y(c) = c**3 + 28*c**2 + 3551*c + 57196. What is y(-17)?
8
Let s(q) = -70797*q - 212377. What is s(-3)?
14
Let v(w) = 4*w**2 - 194*w + 1192. Give v(7).
30
Let b(z) = -62*z**2 + 761*z + 131. What is b(13)?
-454
Let j(f) = 2866*f**2 - 1573440*f + 3297. Determine j(549).
3
Let t(h) = -21479*h + 86074. Calculate t(4).
158
Let q(z) = 5849*z + 643381. Determine q(-110).
-9
Let i(h) = -4107*h + 69818. Determine i(17).
-1
Let y(p) = 88*p**2 - 1786*p + 63. Determine y(20).
-457
Let k(b) = -3*b**3 + 226*b**2 - 4210*b - 32. Give k(34).
172
Let j(y) = 18762*y - 412786. Give j(22).
-22
Let w(h) = 4*h**3 + 90*h**2 + 78*h - 85. Determine w(-21).
923
Let v(w) = -431*w + 14532. What is v(34)?
-122
Let a(o) = -5*o**3 + 74*o**2 + 135*o + 889. Calculate a(17).
5
Let d(y) = -3*y**2 - 396*y - 2405. Give d(-6).
-137
Let j(q) = 3*q**3 + 819*q**2 - 2458*q + 5. What is j(3)?
83
Let l(f) = 14539*f + 2471604. Determine l(-170).
-26
Let s(b) = 2192*b + 79613. Determine s(-36).
701
Let q(i) = -i**3 - 269*i**2 + 492*i - 13629. Give q(-271).
-79
Let k(s) = -s**2 - 4723*s - 140702. Determine k(-30).
88
Let d(b) = -19*b**2 - 423*b + 268. Calculate d(-23).
-54
Let x(m) = -162*m + 29154. Determine x(181).
-168
Let d(r) = r**3 - 31*r**2 - 49*r + 242. Determine d(6).
-952
Let a(i) = -18660*i + 1436857. What is a(77)?
37
Let z(u) = -u**3 - 230*u**2 - 900*u + 827. Determine z(-226).
-77
Let x(l) = 32*l**2 - 1188*l + 374. Determine x(37).
226
Let u(c) = 1327*c + 553341. What is u(-417)?
-18
Let s(w) = 2*w**3 - 46*w**2 + 1634*w - 3096. Calculate s(2).
4
Let k(x) = -x**3 - 34*x**2 + 1112*x + 36449. Determine k(-38).
-31
Let m(q) = -61*q**2 + 2832*q - 3947. Give m(45).
-32
Let n(r) = 9*r**3 - 456*r**2 - 5464*r. What is n(-10)?
40
Let f(l) = l**3 + 51*l**2 + 104*l + 1503. Calculate f(-50).
-1197
Let c(d) = d**3 + 69*d**2 - 2*d - 4635. Determine c(-68).
125
Let c(a) = -7*a**3 - 363*a**2 + 51*a - 250. Determine c(-52).
-198
Let c(j) = j**2 + 222*j - 14899. Give c(54).
5
Let z(r) = -6*r**2 - 2395*r + 28952. Give z(12).
-652
Let x(g) = g**3 - 2*g**2 + 3459*g + 4814. Calculate x(0).
4814
Let q(x) = 69*x**3 - 1234*x**2 - 144*x - 1. What is q(18)?
-1
Let o(h) = -261744*h + 6543589. Give o(25).
-11
Let s(z) = 56*z**2 - 21*z + 174. Give s(5).
1469
Let y(c) = 4*c**2 - 152*c - 2894. Give y(-14).
18
Let v(j) = 6925*j + 110843. Determine v(-16).
43
Let k(q) = 35*q + 1738. Determine k(-47).
93
Let o(u) = -u**2 + 2042*u - 12104. Give o(6).
112
Let f(b) = -4*b**2 + 1877*b + 13346. Give f(-7).
11
Let r(y) = 272614*y - 45526544. Determine r(167).
-6
Let y(d) = 1246*d**2 - 7831*d + 2125. Determine y(6).
-5
Let v(h) = 532*h**3 - 8*h**2 + 5*h + 2. Determine v(1).
531
Let y(x) = -88*x - 9717. What is y(-108)?
-213
Let l(k) = 26*k**2 + 163*k - 1095. Determine l(7).
1320
Let w(v) = -v**3 + 107*v**2 + 3527*v + 22. Give w(-26).
-1772
Let a(x) = x**2 + 1262*x + 8813. Give a(-7).
28
Let w(l) = 2*l**3 - 43*l**2 - 17*l - 2316. Determine w(24).
156
Let n(r) = 13*r**2 + 391*r + 203. Calculate n(-28).
-553
Let t(g) = g**2 + 27*g - 103. What is t(-35)?
177
Let i(p) = 124691*p + 748154. Calculate i(-6).
8
Let g(w) = -254783*w - 2802612. Give g(-11).
1
Let s(b) = 67*b**3 - 53*b**2 + 64*b - 4. Determine s(1).
74
Let y(o) = o**3 - 65*o**2 + 17777*o - 1133576. What is y(64)?
56
Let h(g) = -g**3 - 40*g**2 - 336*g - 11560. Give h(-39).
23
Let c(p) = -p**3 - 26*p**2 + 241*p + 337. Determine c(-33).
7
Let v(f) = 2*f**2 - 4582*f - 9162. Give v(-2).
10
Let l(u) = u**3 - 3*u**2 - 2175*u + 670. Determine l(48).
-50
Let i(o) = o**3 + 29*o**2 - 223*o - 4065. What is i(-32)?
-1
Let n(j) = -2*j**2 + 35876*j + 179426. Calculate n(-5).
-4
Let b(s) = s**3 + 6*s**2 + 69*s + 206. Determine b(-4).
-38
Let d(p) = -210219*p - 420397. What is d(-2)?
41
Let s(n) = n**2 + 5713*n - 80191. Determine s(14).
-13
Let o(p) = 1426*p**2 + 12872*p - 14. What is o(-9)?
-356
Let v(x) = 4057*x - 16669. Give v(4).
-441
Let j(q) = -8*q**2 - 22715*q - 158870. Calculate j(-7).
-257
Let h(l) = l**2 + 59*l - 17299. Determine h(112).
1853
Let u(n) = 330443*n + 4626208. Give u(-14).
6
Let c(j) = j**2 - 364*j + 33013. Determine c(168).
85
Let l(x) = 2834*x + 189923. Calculate l(-67).
45
Let x(h) = -h**2 - 772*h - 41399. What is x(-58)?
13
Let w(q) = 2*q**3 + 3022*q**2 + 373992*q - 10994. Give w(-1375).
6
Let n(a) = 2412*a + 607827. Determine n(-252).
3
Let x(t) = -1504*t + 6004. Calculate x(4).
-12
Let f(v) = v**2 - 6236*v + 68332. Give f(11).
-143
Let q(j) = -10*j**2 + 275171*j - 550344. Calculate q(2).
-42
Let l(o) = -8383*o - 2179403. Give l(-260).
177
Let c(n) = -25*n**3 - 194*n**2 + 303*n + 178. Calculate c(-9).
-38
Let s(h) = h**2 - 45111*h - 270696. Give s(-6).
6
Let q(f) = f**3 - 20*f**2 - 228*f - 517. What is q(27)?
-1570
Let g(u) = 397*u**2 + 24*u - 21. What is g(1)?
400
Let z(s) = -953*s + 12187. Give z(13).
-202
Let k(b) = 41*b + 1328. Give k(-15).
713
Let h(u) = 18*u - 5575. Give h(163).
-2641
Let h(y) = -y**2 + 47*y + 2019. What is h(77)?
-291
Let m(l) = 3*l**3 + 89*l**2 - 445*l - 54. Calculate m(5).
321
Let k(l) = l**3 + 540*l**2 + 306. What is k(-540)?
306
Let f(v) = v**3 - 462*v**2 + 4921*v + 525. Determine f(11).
85
Let g(h) = -8946*h + 125246. Give g(14).
2
Let a(z) = -345*z - 15108. What is a(-36)?
-2688
Let w(f) = f**3 - 36*f**2 - 823*f - 187. Determine w(-15).
683
Let c(v) = 11962*v + 12476345. Give c(-1043).
-21
Let o(q) = -3*q**3 + 127*q**2 - 58*q + 811. Give o(42).
139
Let o(c) = c**3 - 14*c**2 - 488*c - 70. Give o(-16).
58
Let l(s) = -5258*s + 5534. What is l(1)?
276
Let f(i) = 364*i**2 + 18918*i + 179. Determine f(-52).
699
Let o(x) = x**3 + 259*x**2 + 8411*x + 2837. Give o(-221).
-36
Let p(o) = 26*o**2 + 1001*o + 4743. Calculate p(-33).
24
Let u(p) = -619*p - 5594. Determine u(-10).
596
Let f(s) = -3*s**2 - 28*s + 380. Give f(22).
-1688
Let w(a) = -4*a**3 + 476*a**2 - 11*a - 1010. What is w(119)?
-2319
Let o(y) = y**3 + 7*y**2 + 61*y + 223. Calculate o(-4).
27
Let h(r) = 819*r - 132658. Give h(162).
20
Let c(z) = z**3 + 17*z**2 + 313*z + 5299. Determine c(-17).
-22
Let v(n) = n**2 - 664*n + 85283. What is v(174)?
23
Let z(h) = -156*h**2 - 1252*h - 13. Calculate z(-8).
19
Let r(u) = 1757368*u + 15816316. Give r(-9).
4
Let k(p) = -p**2 - 26*p + 383. Give k(11).
-24
Let y(w) = 3*w**2 + 278*w + 35. Calculate y(-96).
995
Let x(r) = r**3 + r**2 + 18*r + 58. Calculate x(-5).
-132
Let j(l) = 481*l**2 - 11069*l + 99. Give j(23).
-39
Let a(l) = -133*l - 26119. Give a(-196).
-51
Let a(i) = 47*i**3 - 120*i**2 - 78*i + 4. Determine a(-1).
-85
Let v(i) = 612*i**3 + 23867*i**2 - 22*i + 608. What is v(-39)?
-55
Let s(u) = 179348*u + 19. Determine s(0).
19
Let r(k) = 2204*k + 132608. Determine r(-60).
368
Let s(b) = -27*b**2 + 345*b + 42. Give s(19).
-3150
Let o(u) = u**3 + 25*u**2 - 157*u + 892. Give o(-31).
